2/8?
38
Let f(d) = -76 + 24 - 35 - 7*d - 6. Calculate the remainder when 72 is divided by f(-18).
6
Let x(l) = -176*l - 1735. What is the remainder when x(-16) is divided by 357?
10
Suppose 57 + 5078 - 500 = 5*c. Calculate the remainder when 4641 is divided by c.
6
Let n(a) = 7*a + 23. Let z be n(-16). Let d = 151 + z. Let c = d + -23. Calculate the remainder when 76 is divided by c.
37
Let d be (-14 + 18)*(-198)/(-8). Let q = -16 + d. Calculate the remainder when q is divided by 14.
13
Let q = -64 + 80. Suppose 0 = g - 5*l - q, -l = -4*g - 0*g + 64. What is the remainder when g is divided by 9?
7
Let r = -72 + 57. Calculate the remainder when 21 is divided by -2 + 34/8 + r/60.
1
Suppose 28*k - 117 = 15*k. Suppose 7*t - k*t + 60 = 0. What is the remainder when 148 is divided by t?
28
Suppose -7 - 65 = 10*k - 12*k. Calculate the remainder when 51 is divided by k.
15
Let f(w) = -84*w - 2403. Calculate the remainder when 692 is divided by f(-30).
107
Calculate the remainder when 15 - 11/4*-1948 is divided by 14.
10
Let q(p) = -11*p - 564. What is the remainder when 585 is divided by q(-53)?
15
Let q be (0/3 - -1) + -76. Suppose -4*d + 15 = -476*p + 481*p, -4*d - 55 = -5*p. What is the remainder when q*-1*(-1)/(-3) is divided by p?
4
Let r(m) = -95*m + 7. Let a be (-1)/4 + ((-810)/72)/15. Calculate the remainder when 916 is divided by r(a).
100
Let v(z) = z**2 + 69*z + 1319. What is the remainder when v(-54) is divided by 10?
9
Let h(u) = -u**3 + 9*u**2 - 9*u - 18. Let n be h(6). Suppose 0 = -7*m + n + 741. Calculate the remainder when m is divided by 56.
55
Let h = 8882 + -8869. Calculate the remainder when 4718 is divided by h.
12
Suppose 0*z - 4*z = -56. Suppose 114 = 5*p + 2*t, -p + 2*t + 16 = -z. Let y = 13575 + -13482. Calculate the remainder when y is divided by p.
21
Let b = 315 - 441. Let m = b - -146. Let v = 76 + 41. What is the remainder when v is divided by m?
17
Suppose 0 = -5*i - 20, 0*b + 4*i - 12 = -2*b. Calculate the remainder when 1355 is divided by b.
11
Let p(a) = a**3 - 8*a**2 + 8*a + 2. Let t = -119 + 124. Suppose -t*h + 22 = -4*y - 5, -y - 6 = -h. Calculate the remainder when p(7) is divided by h.
0
Suppose i - t = 4, i - 20*t + 15*t - 4 = 0. Let a(c) = c. Let w(m) = 6*m + 14. Let y(z) = 3*a(z) - w(z). What is the remainder when y(-12) is divided by i?
2
Suppose 0 = -i + t + 58, -4*t + 147 = 2*i + 19. What is the remainder when 444 is divided by i?
24
Suppose -24*g = -25*g - 6. Calculate the remainder when -2 - (g + (-7 - 46)) is divided by 18.
3
Suppose -8*x - 1136 + 1400 = 0. Let d = 14 + 47. Calculate the remainder when d is divided by x.
28
What is the remainder when 1577 is divided by 18/48*480/36?
2
Let c(o) = -24 - 4 - 4*o - 5*o - 12. Let g be c(-5). Suppose 0 = -g*m + 15, -2*m = r - 0*r - 22. Calculate the remainder when 30 is divided by r.
14
Let p(k) = -k**2 + 52*k - 366. Calculate the remainder when p(38) is divided by 94.
72
Let l = 241 - 204. What is the remainder when (7 - 1) + 89*2 is divided by l?
36
Let d(c) = c**2 - 47*c - 299. Calculate the remainder when d(58) is divided by 3.
0
Let d(f) be the second derivative of 3*f**3/2 - 29*f**2 + 124*f. What is the remainder when d(26) is divided by 18?
14
Let x(l) = -2*l**3 - 19*l**2 + 10*l + 5. Let y be x(-10). Calculate the remainder when (21/y)/((-10)/(-200)) is divided by 19.
8
Suppose 120*v - 121*v + 3 = 0. Suppose 0 = -0*u + v*u - p - 1309, -4*u + 1758 = 5*p. What is the remainder when u is divided by 55?
52
Let s = 204 - -393. Let a = 1044 - s. What is the remainder when a is divided by 16?
15
Suppose 2*q - 2*n = 8, -5*q + 25 = -q + 5*n. Suppose q*b = 3*j + 204, 5*b + 0*b - 5*j = 200. What is the remainder when 125 is divided by b?
41
Suppose 5*c + 2236 = 31*c. Let y = -62 + c. Calculate the remainder when 163 is divided by y.
19
Suppose 4*q - 2*m - 15 = q, 5*m = -15. Let y be (93 - 8)*q/(-5). Let x = y + 55. What is the remainder when x is divided by 1?
0
Let o(w) = 58*w + 17. Let u(y) = -y. Let s(f) = o(f) + 6*u(f). What is the remainder when s(1) is divided by 14?
13
Suppose 3*t - 437 = -5*b, 0 = 2*t + b - 490 + 201. Let x = 197 - t. Calculate the remainder when x is divided by 5.
3
Let l = 16 + -8. What is the remainder when (-3)/1*(-657 - -646) is divided by l?
1
Calculate the remainder when 159/(-159) + (205 - -1) is divided by 21.
16
Let l = 14261 - 14253. Let w = 16 + 7. What is the remainder when w is divided by l?
7
Let m(k) = -k**3 + 11*k**2 - 8*k + 6. Let x(w) = 44*w - 7. What is the remainder when x(6) is divided by m(10)?
23
Let r be (0 - -6)*(-4)/8. Let j be (-2)/(r/12*2). Suppose 21 = j*g - 27. Calculate the remainder when 34 is divided by g.
10
Suppose 0 = 8*g + g - 18. Suppose -s + 26 = d, d + 3*s - 4*s = 32. Calculate the remainder when d is divided by (-8)/((4 + -6)/g).
5
Suppose 77*z - 78*z - 2*t + 1 = 0, 4*z = -2*t - 8. Let l(x) = 2*x**2 - 13*x + 11. What is the remainder when 813 is divided by l(z)?
65
Let h(r) = -2*r**3 + 20*r**2 - 13*r - 42. Suppose -5*y + 88 + 52 = 0. Calculate the remainder when y is divided by h(9).
1
Let b be 230/(-3)*36/(-30). Suppose 96*p - b*p = 20. Suppose -18 = -p*a + 52. What is the remainder when 41 is divided by a?
13
Let d(g) = -g - 101*g**2 + 93*g**2 - 6 + g**3 - 5*g. Suppose -3*c = -6*c + 2*j + 194, -4*c = -4*j - 264. What is the remainder when c is divided by d(9)?
20
Suppose 1917 = 23*g - 14*g. Let x = -190 + g. Calculate the remainder when 137 is divided by x.
22
Let r = -1385 + 1525. What is the remainder when r is divided by 90?
50
Let l = -42 + 72. Let f be (-610)/4*(1 + (0 - 3)). Let g = -218 + f. Calculate the remainder when g is divided by l.
27
Let m = 127 - 120. What is the remainder when (-2145)/(-120) + 2 + 30/(-16) is divided by m?
4
Let b(n) = -47*n - 24. What is the remainder when 309 is divided by b(-4)?
145
Calculate the remainder when 2114 is divided by 1/(0 - (-1)/4)*126/56.
8
Let h = -28 - -36. Calculate the remainder when 909 - (h - 12 - -11) is divided by 21.
20
Let m(l) = 96 + l - 43 - 54 - l**3 + 13*l**2. Calculate the remainder when m(-3) is divided by 33.
8
Suppose -4*d = 2*d - 36. Let y be (((-742)/6)/(-7))/((-2)/d). Let u = y + 63. What is the remainder when 17 is divided by u?
7
What is the remainder when ((-60)/(-80))/(2/2904 - 0) is divided by 28?
25
Let s(r) = -r**3 + 8*r**2 - 6*r + 32. Suppose -8*l = -14*l + 42. What is the remainder when 114 is divided by s(l)?
36
Let z(g) = 7*g + 22. Let n be (2 - 26/6)/(3/(-18)). Calculate the remainder when z(n) is divided by 23.
5
Let w(s) = 4*s**2 - 165. Let u be w(11). Suppose d + u = 327. Let r(v) = -v**2 + 6*v + 2. What is the remainder when r(4) is divided by d?
2
Suppose 1300*t - 1165 = 1295*t. What is the remainder when 468 is divided by t?
2
Let j(z) = -3*z**3 + 5*z**2 + 308*z + 44. Let g = 267 - 56. What is the remainder when g is divided by j(11)?
35
Let x = -11760 + 11906. Calculate the remainder when 3647 is divided by x.
143
Let j = 62 + 85. Suppose -j = -19*k + 214. What is the remainder when k is divided by (-120)/(-10)*1/2?
1
Suppose 1180 = 19*f - 340. Suppose -6*q = -148 - f. Calculate the remainder when 101 is divided by q.
25
Let k(z) = 705*z - 7343. Calculate the remainder when k(12) is divided by 224.
221
Suppose -23*u + 174*u = 103888. What is the remainder when u is divided by 106?
52
What is the remainder when 8*((14 - 8) + 147 + 13) is divided by 191?
182
Let y be (-2)/9 - 34*(-122)/36. Let b = y - 34. Calculate the remainder when b is divided by 24.
9
Let q = -27 + 149. Let t = 137 + -217. Let a = t + q. Calculate the remainder when 167 is divided by a.
41
Let n = -1426 - -1424. Let a(r) = -19*r**3 + 2*r**2 + r - 1. Calculate the remainder when a(n) is divided by 4/(-14) + (-142)/(-7).
17
Let v(h) = 33*h**3 + 2*h**2 - 2*h - 1. What is the remainder when 554 is divided by v(2)?
20
Suppose -267 + 37 = -10*c. Suppose -5 + c = -u - 5*w, -22 = -u + 5*w. Suppose -g - u*g = -426. Calculate the remainder when g is divided by 9.
7
Let r be 465/124 - 1/(-4). Let p be 1*1*(-2)/(-2). What is the remainder when 1/(p/76*r) is divided by 10?
9
Let y(q) = -61*q + 1407. Calculate the remainder when 3104 is divided by y(18).
14
Suppose s = 35*y - 34*y - 8, 0 = -2*y - 5*s - 5. Suppose -2*n - y*p + 59 = 0, -n - 5*p + 3